actor of 3369 and 3.
3
Calculate the highest common divisor of 12 and 124.
4
What is the highest common factor of 550 and 22?
22
Calculate the greatest common divisor of 40 and 1930.
10
What is the highest common factor of 106 and 2862?
106
Calculate the greatest common divisor of 52 and 8.
4
Calculate the greatest common divisor of 165 and 1230.
15
What is the highest common factor of 77841 and 81?
81
What is the highest common divisor of 11918 and 118?
118
What is the highest common factor of 3417 and 204?
51
Calculate the highest common factor of 2292 and 72.
12
What is the highest common divisor of 3586 and 22?
22
Calculate the greatest common divisor of 2496 and 273.
39
Calculate the highest common factor of 351 and 624.
39
Calculate the highest common factor of 14570 and 94.
94
Calculate the highest common divisor of 87 and 12470.
29
What is the greatest common factor of 77 and 553?
7
What is the greatest common factor of 105 and 240?
15
Calculate the greatest common divisor of 126 and 17262.
126
Calculate the greatest common factor of 28 and 287.
7
Calculate the highest common factor of 228 and 624.
12
What is the highest common divisor of 15 and 1075?
5
What is the greatest common divisor of 7176 and 234?
78
Calculate the greatest common divisor of 2688 and 96.
96
What is the greatest common divisor of 35 and 448?
7
What is the highest common factor of 64 and 32?
32
Calculate the highest common divisor of 63 and 42.
21
What is the highest common factor of 3836 and 84?
28
What is the highest common divisor of 1216 and 128?
64
Calculate the greatest common factor of 36 and 162.
18
What is the highest common factor of 69 and 3243?
69
What is the greatest common factor of 96 and 15?
3
Calculate the greatest common factor of 20 and 6340.
20
Calculate the highest common factor of 10948 and 276.
92
Calculate the greatest common factor of 13 and 832.
13
What is the greatest common divisor of 17 and 68?
17
Calculate the greatest common divisor of 10 and 470.
10
What is the highest common factor of 24 and 40?
8
Calculate the highest common factor of 11 and 1441.
11
What is the highest common divisor of 15 and 9140?
5
What is the greatest common divisor of 25122 and 106?
106
Calculate the greatest common factor of 189 and 336.
21
Calculate the highest common divisor of 120 and 15930.
30
What is the greatest common factor of 6 and 104?
2
Calculate the greatest common divisor of 144 and 624.
48
What is the highest common factor of 1005 and 15?
15
Calculate the greatest common factor of 6 and 21.
3
What is the highest common divisor of 7554 and 6?
6
What is the highest common factor of 3370 and 30?
10
Calculate the greatest common factor of 391 and 23.
23
What is the greatest common factor of 259 and 148?
37
What is the greatest common divisor of 5 and 1110?
5
What is the highest common divisor of 2116 and 92?
92
What is the greatest common divisor of 348 and 24186?
174
What is the greatest common divisor of 5054 and 2660?
266
Calculate the greatest common divisor of 11546 and 251.
251
What is the highest common factor of 1552 and 679?
97
What is the highest common factor of 11 and 187?
11
What is the highest common factor of 145 and 5?
5
What is the greatest common divisor of 11 and 9834?
11
Calculate the highest common factor of 6 and 1582.
2
Calculate the highest common divisor of 44 and 154.
22
Calculate the highest common divisor of 230 and 1334.
46
Calculate the greatest common factor of 605 and 451.
11
What is the greatest common divisor of 27 and 7092?
9
What is the greatest common divisor of 6380 and 11?
11
Calculate the greatest common factor of 330 and 30.
30
What is the greatest common factor of 11025 and 21?
21
What is the greatest common factor of 2327 and 13?
13
Calculate the greatest common divisor of 1088 and 34.
34
What is the highest common divisor of 25 and 800?
25
What is the greatest common divisor of 5488 and 224?
112
What is the highest common factor of 2 and 1?
1
What is the highest common factor of 75 and 275?
25
Calculate the highest common divisor of 9191 and 182.
91
Calculate the highest common divisor of 161 and 18193.
161
Calculate the highest common factor of 116 and 9454.
58
Calculate the highest common factor of 715 and 2080.
65
What is the highest common factor of 13161 and 615?
123
Calculate the highest common factor of 342 and 2850.
114
What is the greatest common divisor of 126 and 210?
42
What is the greatest common factor of 378 and 224?
14
What is the greatest common divisor of 23556 and 624?
156
What is the greatest common divisor of 318 and 18?
6
What is the greatest common factor of 1834 and 28?
14
Calculate the highest common divisor of 17 and 11917.
17
Calculate the highest common divisor of 460 and 40.
20
Calculate the greatest common divisor of 33 and 176.
11
What is the greatest common divisor of 2924 and 204?
68
What is the highest common divisor of 272 and 17?
17
What is the highest common factor of 18 and 18?
18
What is the greatest common divisor of 10032 and 399?
57
Calculate the highest common divisor of 51 and 153.
51
Calculate the greatest common factor of 44 and 6732.
44
What is the greatest common factor of 579 and 3?
3
Calculate the greatest common divisor of 203 and 29.
29
What is the greatest common factor of 2123 and 11?
11
Calculate the highest common divisor of 62 and 961.
31
What is the greatest common divisor of 1050 and 42?
42
What is the greatest common factor of 62 and 17174?
62
Calculate the greatest common factor of 6594 and 42.
42
Calculate the highest common factor of 474 and 36.
6
Calculate the greatest common divisor of 1930 and 10.
10
What is the greatest common factor of 592 and 111?
37
What is the highest common factor of 8 and 68?
4
What is the greatest common divisor of 20 and 10?
10
What is the highest common divisor of 264 and 198?
66
Calculate the greatest common factor of 1078 and 22.
22
What is the greatest common divisor of 306 and 24?
6
Calculate the greatest common divisor of 2139 and 93.
93
What is the greatest common divisor of 3 and 363?
3
Calculate the greatest common factor of 13090 and 14.
14
Calculate the highest common divisor of 702 and 429.
39
What is the greatest common factor of 2214 and 54?
54
What is the highest common factor of 160 and 310?
10
Calculate the highest common factor of 826 and 126.
14
Calculate the greatest common divisor of 18 and 882.
18
What is the greatest common divisor of 678 and 1921?
113
Calculate the greatest common divisor of 354 and 6962.
118
What is the highest common factor of 575 and 713?
23
Calculate the highest common factor of 30 and 255.
15
Calculate the highest common divisor of 32 and 20.
4
Calculate the highest common factor of 124 and 1054.
62
Calculate the greatest common factor of 22 and 946.
22
What is the greatest common divisor of 231 and 308?
77
Calculate the greatest common divisor of 95 and 22705.
95
Calculate the highest common divisor of 600 and 4425.
75
What is the greatest common divisor of 4251 and 654?
327
Calculate the greatest common divisor of 4042 and 94.
94
What is the greatest common divisor of 18 and 258?
6
What is the greatest common factor of 160 and 60?
20
Calculate the greatest common factor of 338 and 1716.
26
Calculate the greatest common divisor of 24 and 156.
12
What is the highest common divisor of 219 and 292?
73
What is the greatest common divisor of 144 and 180?
36
What is the highest common divisor of 11 and 979?
11
Calculate the greatest common divisor of 3192 and 96.
24
What is the highest common divisor of 20 and 4260?
20
Calculate the greatest common factor of 852 and 36.
12
What is the greatest common factor of 3129 and 21?
21
Calculate the highest common factor of 2 and 2.
2
Calculate the highest common factor of 20 and 20.
20
Calculate the greatest common factor of 76 and 589.
19
Calculate the highest common divisor of 174 and 24.
6
What is the highest common factor of 190 and 10?
10
Calculate the greatest common divisor of 49 and 98.
49
Calculate the greatest common divisor of 26 and 14.
2
What is the greatest common divisor of 319 and 145?
29
What is the highest common divisor of 126 and 2982?
42
Calculate the greatest common factor of 28 and 1316.
28
Calculate the 